{"id":1123,"date":"2021-12-27T17:50:47","date_gmt":"2021-12-27T14:50:47","guid":{"rendered":"https:\/\/fidetarim.com\/?post_type=product&#038;p=1123"},"modified":"2022-01-05T23:25:28","modified_gmt":"2022-01-05T20:25:28","slug":"1123","status":"publish","type":"product","link":"https:\/\/fidetarim.com\/index.php\/product\/1123\/","title":{"rendered":"\u015ealgam Turp"},"content":{"rendered":"<p>Turpun kendi C vitamini bak\u0131m\u0131ndan son derece zengin, yapraklar\u0131 A vitamini ve Folate bak\u0131m\u0131ndan \u00e7ok zengin. Folate, z\u00fcrriyetin devam\u0131 i\u00e7in \u00e7ok \u00f6nemli bir besin.<\/p>\n<p>C vitamini, potasyum ve magnezyum i\u00e7erir. Y\u00fcksek tansiyona iyi gelir. Lif i\u00e7eri\u011fiyle ba\u011f\u0131rsak \u00e7al\u0131\u015ft\u0131r\u0131c\u0131d\u0131r. Antioksidan \u00f6zelli\u011fi ile kansere kar\u015f\u0131 koruyucu etkileri vard\u0131r.<\/p>\n","protected":false},"excerpt":{"rendered":"<p><strong>100 gr \u015ealgam Turp<\/strong><\/p>\n<ul>\n<li>Toplam ya\u011f: 0,1 g<\/li>\n<li>Sodyum: 39 mg<\/li>\n<li>Potasyum: 233 mg<\/li>\n<li>Karbonhidrat: 3,4 g<\/li>\n<li>Diyet Lifi: 1,6 g<\/li>\n<li>\u015eeker: 1,9 g<\/li>\n<li>Protein: 0,7 g<\/li>\n<li>C Vitamini: 14,8 mg<\/li>\n<li>Kalsiyum: 25 mg<\/li>\n<li>Demir: 0,3 mg<\/li>\n<li>D Vitamini: 0 IU<\/li>\n<li>B6 Vitamini: 0,1 mg<\/li>\n<li>Magnezyum: 10 mg<\/li>\n<\/ul>\n","protected":false},"featured_media":1124,"comment_status":"closed","ping_status":"closed","template":"","meta":{"_monsterinsights_skip_tracking":false,"_monsterinsights_sitenote_active":false,"_monsterinsights_sitenote_note":"","_monsterinsights_sitenote_category":0},"product_cat":[35],"product_tag":[],"class_list":["post-1123","product","type-product","status-publish","has-post-thumbnail","hentry","product_cat-sebze"],"_links":{"self":[{"href":"https:\/\/fidetarim.com\/index.php\/wp-json\/wp\/v2\/product\/1123","targetHints":{"allow":["GET"]}}],"collection":[{"href":"https:\/\/fidetarim.com\/index.php\/wp-json\/wp\/v2\/product"}],"about":[{"href":"https:\/\/fidetarim.com\/index.php\/wp-json\/wp\/v2\/types\/product"}],"replies":[{"embeddable":true,"href":"https:\/\/fidetarim.com\/index.php\/wp-json\/wp\/v2\/comments?post=1123"}],"wp:featuredmedia":[{"embeddable":true,"href":"https:\/\/fidetarim.com\/index.php\/wp-json\/wp\/v2\/media\/1124"}],"wp:attachment":[{"href":"https:\/\/fidetarim.com\/index.php\/wp-json\/wp\/v2\/media?parent=1123"}],"wp:term":[{"taxonomy":"product_cat","embeddable":true,"href":"https:\/\/fidetarim.com\/index.php\/wp-json\/wp\/v2\/product_cat?post=1123"},{"taxonomy":"product_tag","embeddable":true,"href":"https:\/\/fidetarim.com\/index.php\/wp-json\/wp\/v2\/product_tag?post=1123"}],"curies":[{"name":"wp","href":"https:\/\/api.w.org\/{rel}","templated":true}]}}