{"id":1121,"date":"2021-12-27T17:42:56","date_gmt":"2021-12-27T14:42:56","guid":{"rendered":"https:\/\/fidetarim.com\/?post_type=product&#038;p=1121"},"modified":"2022-01-05T23:25:38","modified_gmt":"2022-01-05T20:25:38","slug":"arjantin-turpu","status":"publish","type":"product","link":"https:\/\/fidetarim.com\/index.php\/product\/arjantin-turpu\/","title":{"rendered":"Arjantin Turpu"},"content":{"rendered":"<p><b>Arjantin Turp\u00a0<\/b>egzotik renkleriyle ve kendisine has lezzetiyle dikkat \u00e7eken, C vitamini ve fosfor a\u00e7\u0131s\u0131ndan olduk\u00e7a zengin bir sebzedir. Ben turp sevmiyorum diyenlerdenseniz hen\u00fcz Arjantin\u00a0turp cinsini denemeden karar vermeyin deriz.<\/p>\n<p style=\"font-weight: 400;\">Buzdolab\u0131nda saklayabilirsiniz.<\/p>\n<p style=\"font-weight: 400;\">Sebzelerinizi t\u00fcketmeden hemen \u00f6nce y\u0131kaman\u0131z\u0131 tavsiye ederiz.<\/p>\n<p>&nbsp;<\/p>\n","protected":false},"excerpt":{"rendered":"<p><strong>100 gr Arjantin Turpu<\/strong><\/p>\n<ul>\n<li>Karbonhidrat: 3.94 g<\/li>\n<li>Protein: 0.79 g<\/li>\n<li>Ya\u011f: 0.12 g<\/li>\n<li>Lif: 1.6 g<\/li>\n<li>Kolesterol: 0 mg<\/li>\n<li>Sodyum: 45 mg<\/li>\n<li>Potasyum: 270 mg<\/li>\n<li>Kalsiyum: 25 mg<\/li>\n<li>A Vitamini: 7 iu<\/li>\n<li>C Vitamini: 14.8 mg<\/li>\n<li>Demir: 0.34 mg<\/li>\n<\/ul>\n","protected":false},"featured_media":1177,"comment_status":"closed","ping_status":"closed","template":"","meta":{"_monsterinsights_skip_tracking":false,"_monsterinsights_sitenote_active":false,"_monsterinsights_sitenote_note":"","_monsterinsights_sitenote_category":0},"product_cat":[35],"product_tag":[],"class_list":["post-1121","product","type-product","status-publish","has-post-thumbnail","hentry","product_cat-sebze"],"_links":{"self":[{"href":"https:\/\/fidetarim.com\/index.php\/wp-json\/wp\/v2\/product\/1121","targetHints":{"allow":["GET"]}}],"collection":[{"href":"https:\/\/fidetarim.com\/index.php\/wp-json\/wp\/v2\/product"}],"about":[{"href":"https:\/\/fidetarim.com\/index.php\/wp-json\/wp\/v2\/types\/product"}],"replies":[{"embeddable":true,"href":"https:\/\/fidetarim.com\/index.php\/wp-json\/wp\/v2\/comments?post=1121"}],"wp:featuredmedia":[{"embeddable":true,"href":"https:\/\/fidetarim.com\/index.php\/wp-json\/wp\/v2\/media\/1177"}],"wp:attachment":[{"href":"https:\/\/fidetarim.com\/index.php\/wp-json\/wp\/v2\/media?parent=1121"}],"wp:term":[{"taxonomy":"product_cat","embeddable":true,"href":"https:\/\/fidetarim.com\/index.php\/wp-json\/wp\/v2\/product_cat?post=1121"},{"taxonomy":"product_tag","embeddable":true,"href":"https:\/\/fidetarim.com\/index.php\/wp-json\/wp\/v2\/product_tag?post=1121"}],"curies":[{"name":"wp","href":"https:\/\/api.w.org\/{rel}","templated":true}]}}