{"id":1108,"date":"2021-12-27T16:56:03","date_gmt":"2021-12-27T13:56:03","guid":{"rendered":"https:\/\/fidetarim.com\/?post_type=product&#038;p=1108"},"modified":"2022-01-05T23:14:00","modified_gmt":"2022-01-05T20:14:00","slug":"maydonoz","status":"publish","type":"product","link":"https:\/\/fidetarim.com\/index.php\/product\/maydonoz\/","title":{"rendered":"Maydonoz"},"content":{"rendered":"<p>Maydanoz; vitaminler a\u00e7\u0131s\u0131ndan olduk\u00e7a zengin bir sebzedir.\u00a0Bir \u00e7ok yeme\u011fin i\u00e7erisinde kullan\u0131labilece\u011fi gibi, salatalar\u0131n i\u00e7erisinde de \u00e7i\u011f olarak t\u00fcketilebilir. Bunun yan\u0131 s\u0131ra i\u00e7erisinde bulunan antioksidanlar sayesinde detoks sular\u0131n\u0131n i\u00e7erisine kat\u0131labilecek sebzeler aras\u0131nda yer al\u0131r. Maydanozu taze olarak t\u00fcketmeniz size daha fazla fayda sa\u011flar.<\/p>\n<p>Maydanozun tazeli\u011fini korumas\u0131 i\u00e7in buzdolab\u0131n\u0131n sebzelik k\u0131sm\u0131nda muhafaza edilmesi gerekir. Buzdolab\u0131na koymadan \u00f6nce maydanozun nemini al\u0131rsan\u0131z tazeli\u011fini daha uzun s\u00fcre korur. Sebze kurutucular sayesinde de maydanozu kolayl\u0131kla kurutabilirsiniz. Sebze kurutucunuz bulunmuyorsa ka\u011f\u0131t havlu yard\u0131m\u0131yla maydanozun nemini alabilirsiniz. Maydanozu hava almayan, kilitli bir po\u015fette saklarsan\u0131z dayan\u0131kl\u0131l\u0131k s\u00fcresi artacakt\u0131r.<\/p>\n","protected":false},"excerpt":{"rendered":"<p><strong>100 gr Maydonoz<\/strong><\/p>\n<ul>\n<li>Kalori: 36 kcal<\/li>\n<li>Toplam ya\u011f: 0,8 g<\/li>\n<li>Doymu\u015f Ya\u011f: 0,1 g<\/li>\n<li>Sodyum: 56 mg<\/li>\n<li>Potasyum: 554 mg<\/li>\n<li>Karbonhidrat: 6 g<\/li>\n<li>Diyet Lifi: 3,3 g<\/li>\n<li>\u015eeker: 0,9 g<\/li>\n<li>Protein: 3 g<\/li>\n<li>C Vitamini: 133 mg<\/li>\n<li>Kalsiyum: 138 mg<\/li>\n<li>Demir: 6,2 mg<\/li>\n<li>B6 Vitamini: 0,1 mg<\/li>\n<li>Magnezyum: 50 mg<\/li>\n<\/ul>\n","protected":false},"featured_media":1109,"comment_status":"closed","ping_status":"closed","template":"","meta":{"_monsterinsights_skip_tracking":false,"_monsterinsights_sitenote_active":false,"_monsterinsights_sitenote_note":"","_monsterinsights_sitenote_category":0},"product_cat":[35],"product_tag":[],"class_list":["post-1108","product","type-product","status-publish","has-post-thumbnail","hentry","product_cat-sebze"],"_links":{"self":[{"href":"https:\/\/fidetarim.com\/index.php\/wp-json\/wp\/v2\/product\/1108","targetHints":{"allow":["GET"]}}],"collection":[{"href":"https:\/\/fidetarim.com\/index.php\/wp-json\/wp\/v2\/product"}],"about":[{"href":"https:\/\/fidetarim.com\/index.php\/wp-json\/wp\/v2\/types\/product"}],"replies":[{"embeddable":true,"href":"https:\/\/fidetarim.com\/index.php\/wp-json\/wp\/v2\/comments?post=1108"}],"wp:featuredmedia":[{"embeddable":true,"href":"https:\/\/fidetarim.com\/index.php\/wp-json\/wp\/v2\/media\/1109"}],"wp:attachment":[{"href":"https:\/\/fidetarim.com\/index.php\/wp-json\/wp\/v2\/media?parent=1108"}],"wp:term":[{"taxonomy":"product_cat","embeddable":true,"href":"https:\/\/fidetarim.com\/index.php\/wp-json\/wp\/v2\/product_cat?post=1108"},{"taxonomy":"product_tag","embeddable":true,"href":"https:\/\/fidetarim.com\/index.php\/wp-json\/wp\/v2\/product_tag?post=1108"}],"curies":[{"name":"wp","href":"https:\/\/api.w.org\/{rel}","templated":true}]}}